et y(o) = 9 + 41*o - 49*o + 18 + o**2. Let g = 0 - -15. List the prime factors of y(g).
2, 3, 11
Suppose 3*u - 16289 = -5*q, -28*q + 33*q - 27165 = -5*u. List the prime factors of u.
2, 2719
Let r(l) = -l**3 - 5. Let o be r(0). Let v(q) be the first derivative of q**4/4 + 8*q**3/3 + 3*q**2/2 + 2*q - 804. What are the prime factors of v(o)?
2, 31
Suppose -32 = 3*i + 151. Let p = i + 103. Suppose 0 = -3*b - 4*t + p, 4*t + 54 - 6 = 2*b. What are the prime factors of b?
2, 3
Let a(w) = -2*w**2 + 15*w + 10. Let x be a(8). Suppose 5*f - 4*l = 537, -x*l - 214 = -f - f. Let d = f + -63. List the prime factors of d.
2, 23
List the prime factors of ((-3)/(-24)*2)/(29/8228576).
2, 8867
Suppose 47*d - 46*d - 10 = 0. Suppose -5*a + 11 = -4*h - d*a, 3*h - 2*a = 9. List the prime factors of (252/1)/7 - -2*h.
2, 19
Suppose -4*v = -35 + 39. Let c be (-1)/((4 - 3)*v) - -5. List the prime factors of (12/c)/((-2)/(-124)).
2, 31
Let w(g) = 13*g + 20. Suppose 2*o = 5*x - 3 - 65, 3*o = -2*x - 64. Let z = -19 - o. What are the prime factors of w(z)?
5, 17
Suppose 4*c - 48 = -12, -4*c = g - 5693. What are the prime factors of g?
5657
Let n(k) = -k**3 + 3*k**2 - 2*k + 2. Let v be n(3). Let x(i) = 6 + 1 - 7 - 5 - 3*i. What are the prime factors of x(v)?
7
Let g(h) = 11*h**2 + 38*h - 129. What are the prime factors of g(19)?
2, 7, 163
Let v = 92884 + -49115. List the prime factors of v.
11, 23, 173
Suppose 4*g = 2*z - 264, -2*g + 180 = -5*g - 3*z. Let f = 69 + g. Suppose -4*m = -5*m + 2*d + 138, -4*m + f*d + 552 = 0. What are the prime factors of m?
2, 3, 23
Let j be 115/23 + -10 + 1. List the prime factors of (-2)/(j/6) - 12*-20.
3
Suppose 0 = -38*g + 6462 - 21852. Let a = 1131 + g. List the prime factors of a.
2, 3, 11
Suppose 3*m - 5449 = -2*s + 6255, 0 = 3*m + s - 11699. List the prime factors of m.
2, 1949
Suppose 4*i - 275063 = -27*i. List the prime factors of i.
19, 467
Let t be 4/(-26) - (11 - 1428/156). List the prime factors of (228/(-1))/((-55)/(-30) + t).
2, 3, 19
Let f(t) = -18*t + 92. Let h be f(5). Suppose -h*b = -488 - 78. List the prime factors of b.
283
Let h = -5910 + 6418. What are the prime factors of h?
2, 127
Suppose 5 = -y, i + 3*i - 3*y = -53. Let l(k) = -21*k + 99. List the prime factors of l(i).
2, 3, 19
Let m(g) = 4*g + 38. Let x be m(-10). List the prime factors of 1/x*-4*636/8.
3, 53
Let b be (28/(-140))/((-3)/15). List the prime factors of 0 + (b - -161) + 3/(-1).
3, 53
Let c = 142 + -142. Suppose c*q = 8*q + 912. Let r = q + 160. What are the prime factors of r?
2, 23
Suppose -2*s = 0, -10*c + s = -12*c - 24. What are the prime factors of (-3104)/(-24)*(-9)/c?
97
Let f(k) be the third derivative of k**4/6 - 8*k**3/3 - 11*k**2. Let o be (-6)/((-4)/(60/9)). What are the prime factors of f(o)?
2, 3
Let c be (-252)/(-117) + (-2)/13. Suppose c + 25 = 9*r. Suppose -r*t + 456 = -3*a, 134 = t + 10*a - 5*a. What are the prime factors of t?
149
Let r be 2*10/(40/6). Suppose j - 78 = -5*a + r*a, 5*a - 195 = -2*j. What are the prime factors of a?
3, 13
What are the prime factors of 15/(-4) - (-3868298)/56?
69073
Let k = 6693 - 2277. Suppose 1148 = 13*m - k. List the prime factors of m.
2, 107
List the prime factors of 98/(-8)*(-59450)/20 + 4/(-32).
13, 2801
Suppose 4*z - 3*m = -16657 + 49885, 16632 = 2*z + 3*m. List the prime factors of z.
2, 3, 5, 277
List the prime factors of (19/(-1140)*-15)/((-2)/8) + 17631.
2, 5, 41, 43
Suppose -103212 = -168*d + 159*d. What are the prime factors of d?
2, 47, 61
Let w = 455 + -453. Suppose w*t - 5*b = 3703 - 1419, -3*t + 3401 = 5*b. What are the prime factors of t?
3, 379
Suppose k - 2 = 7. Suppose -13*y - 136 = -k*y. List the prime factors of 1 - (6/2 + y).
2
What are the prime factors of (6 - 6/(-3)) + (-54572)/(-7)?
2, 1951
Suppose -2*k - 5*x = 29, 4*k + 9*x = 4*x - 53. What are the prime factors of (k/(-9) - 0)/((-2)/(-12))?
2
Suppose 0 = -5*v - 5*q + 13095, 38*v - 5229 = 36*v + q. What are the prime factors of v?
2, 3, 109
Let c(y) = 22*y**2. Let u be 2/(-4) + 2/(-4). Let t be c(u). Suppose -p + 36 = -t. What are the prime factors of p?
2, 29
Let p be -3 - (5 - 4)*-4. Let f be -3 - 1*(-5)/p. Suppose f*c = 100 + 158. What are the prime factors of c?
3, 43
Suppose 46*x = 60*x - 72740 - 248630. What are the prime factors of x?
5, 4591
Let i(s) = -11703*s - 6610. List the prime factors of i(-4).
2, 20101
Let j(z) = 107*z**2 - 22*z - 108. Let p be j(-6). Suppose -114*d + 95*d + p = 0. What are the prime factors of d?
2, 3, 17
Let u = -57 - -63. Suppose u*i = -9*i + 1815. Let a = 191 - i. What are the prime factors of a?
2, 5, 7
Let l = -663 - 531. Let b = l + 1800. What are the prime factors of b?
2, 3, 101
Suppose 0 = -v + i + 10547, 6*i - 52724 = -13*v + 8*v. List the prime factors of v.
2, 5273
Suppose 0 = -3*x - g + 355, 0 = -0*x - 5*x - 3*g + 593. Suppose -1632 = -x*o + 117*o. List the prime factors of o.
2, 3, 17
Suppose -166*t + 24247 + 53 = -16*t. What are the prime factors of t?
2, 3
Let w(z) = -8*z + 11. Let m be w(1). Let l be 12/(-2)*(-5)/(-2 + m). Suppose -l*g - 284 = -31*g. What are the prime factors of g?
2, 71
Let j(r) = -r + 3. Let i be j(3). Suppose i*q = 5*q - 670. Suppose 0 = -3*m + 5*u + 400, 2*m - m - q = u. List the prime factors of m.
3, 5
Suppose -4*k + 4*o = -9*k + 1071, -3*k + 5*o = -650. Let i = k - 204. List the prime factors of i.
11
Let f be (3 + -71)*(1 - 14/8). Suppose -x - f + 68 = 0. List the prime factors of x.
17
Suppose -5451 = 80*w - w. Let p = -418 - -657. Let m = w + p. List the prime factors of m.
2, 5, 17
Suppose 5*f + 3*m = f + 147828, -4*m = 5*f - 184787. List the prime factors of f.
3, 109, 113
Suppose 28622 - 15348 + 32142 = 2*j. What are the prime factors of j?
2, 7, 811
Suppose -5*w = -2*p + 13572, -5*p + 43*w - 45*w + 33872 = 0. What are the prime factors of p?
2, 7, 11
Suppose 39*z = 1085411 + 548533. What are the prime factors of z?
2, 5237
What are the prime factors of (6 - (-65)/(-10))*84336/(-12)?
2, 7, 251
Suppose -4*u - 3*m + 16 = 0, -u = 3*m - 8 - 5. List the prime factors of (-2 - 1)*-159 - u.
2, 7, 17
Let v(q) = -q**3 - 28*q**2 + 22*q - 5. Let s be (-2*(-3)/(-6))/((-2)/(-126)). Let f = s - -34. List the prime factors of v(f).
2, 3, 11
Let o(t) = 5*t**2 + 119*t + 1168. What are the prime factors of o(-14)?
2, 241
What are the prime factors of 15 + (-24810)/(-15)*5?
5, 1657
What are the prime factors of 6 - 8 - (-4224 + -4)?
2, 2113
Suppose 2*w + r = 91, -r = 3*w + 3*r - 149. Let v(l) = 3*l - 131. Let b be v(37). Let y = w + b. What are the prime factors of y?
23
What are the prime factors of (7/(-35)*4048)/(20/(-650))?
2, 11, 13, 23
Suppose 2*w + 3757 + 13 = r, -3765 = -r + w. What are the prime factors of r?
2, 5, 47
Let b(f) = 27*f + 130. Let y be b(-34). Let n = 1746 + y. List the prime factors of n.
2, 479
Suppose 0 = 2*s - 5 - 5. Let l(o) = 2*o**2 - 10*o - 3. Let w be l(s). What are the prime factors of ((-480)/(-48))/((w/2)/(-3))?
2, 5
Let y = 29 + -17. List the prime factors of ((-18)/y)/(1/(-288)).
2, 3
List the prime factors of (-1 - -4)*((-381340)/(-60) - 18).
19013
Suppose 31*m - 682188 - 9957 = -50*m. List the prime factors of m.
5, 1709
Suppose 0 = 642*o - 637*o - 40565. List the prime factors of o.
7, 19, 61
Suppose -25*o + 183362 = -16*o + 8*o. What are the prime factors of o?
2, 5393
Let x = -13792 + 33588. What are the prime factors of x?
2, 7, 101
Let x(v) = 2*v**3 + 11*v**2 - 5*v + 10. Let a be x(-6). Suppose 0 = u + 4*t - 333, a*u + 20 = t + 1369. What are the prime factors of u?
337
Suppose 3*j - 91 = -2*t, 3*t - j - j - 117 = 0. Let x(r) = 2*r + 9*r - t - 2*r + 0*r. What are the prime factors of x(17)?
2, 7
Let z be (-4)/(-26) - 216/(-117). Let f be -1 + z*26/4. Let s(v) = 2*v + 29. What are the prime factors of s(f)?
53
Let u(w) = w**2 + 5*w - 9. Let h be u(-6). List the prime factors of (818 + -2)/(h/(-8)*2).
2, 17
Suppose -f + 28 = 4*r + f, 2*r - 20 = 2*f. Suppose -r*q = -0*q - 824. Suppose -q = -p - 37. List the prime factors of p.
2, 3, 11
Let a be (2 - 593/(-5))/(24/80). Suppose -2*m + a = -628. List the prime factors of m.
5, 103
Suppose -93*d = -86*d - 784. Let i be (-452)/6 - (-14)/(-21). Let n = i + d. List the prime factors of n.
2, 3
List the prime factors of 18/(-8)*(40 - 18)*(-74 - 0).
3, 11, 37
Let s be 121/3 + ((